the prime factors of 156008351.
4133, 37747
What are the prime factors of 174241380?
2, 3, 5, 547, 5309
What are the prime factors of 69902271?
3, 862991
List the prime factors of 2647933370.
2, 5, 163, 1091, 1489
List the prime factors of 300294000.
2, 3, 5, 67, 83
What are the prime factors of 16026738?
2, 3, 7, 13, 149, 197
What are the prime factors of 3081514786?
2, 7, 67, 3285197
List the prime factors of 3778222075.
5, 23, 1213, 5417
What are the prime factors of 47516452?
2, 11879113
List the prime factors of 177974044.
2, 29, 79, 19421
List the prime factors of 31890464.
2, 751, 1327
List the prime factors of 526235200.
2, 5, 328897
What are the prime factors of 82989824?
2, 324179
List the prime factors of 43583020.
2, 5, 13, 167627
List the prime factors of 2141383247.
131, 16346437
List the prime factors of 16191616.
2, 7, 17, 1063
List the prime factors of 255535769.
19, 853, 15767
What are the prime factors of 1500108391?
883, 1698877
List the prime factors of 111235700.
2, 5, 71, 15667
What are the prime factors of 190167321?
3, 17, 733, 5087
What are the prime factors of 86713149?
3, 113, 179, 1429
What are the prime factors of 127645987?
7, 18235141
List the prime factors of 104865475.
5, 11, 13, 29333
List the prime factors of 1301150008.
2, 61, 2666291
List the prime factors of 73373419.
7, 97, 108061
List the prime factors of 133463928.
2, 3, 13, 31, 13799
What are the prime factors of 83248686?
2, 3, 2003, 2309
List the prime factors of 652693840.
2, 5, 31, 263183
List the prime factors of 21186047.
4027, 5261
What are the prime factors of 60496509?
3, 23, 876761
What are the prime factors of 48880906?
2, 24440453
List the prime factors of 350253398.
2, 11, 15920609
List the prime factors of 282829510.
2, 5, 17, 1663703
What are the prime factors of 1711520234?
2, 855760117
List the prime factors of 73158997.
59, 1239983
What are the prime factors of 554203142?
2, 277101571
List the prime factors of 2438682405.
3, 5, 479, 339413
What are the prime factors of 921933850?
2, 5, 2039, 9043
What are the prime factors of 4260789184?
2, 66574831
What are the prime factors of 70256210?
2, 5, 7025621
What are the prime factors of 1120857892?
2, 7, 11, 97, 37517
List the prime factors of 40114746.
2, 3, 7, 53, 6007
What are the prime factors of 300914359?
23, 13083233
What are the prime factors of 148404770?
2, 5, 53, 280009
What are the prime factors of 1907332728?
2, 3, 7, 97, 117043
What are the prime factors of 26327314?
2, 13, 211, 4799
What are the prime factors of 50358877?
29, 277, 6269
What are the prime factors of 1917400644?
2, 3, 59, 383, 2357
What are the prime factors of 461676699?
3, 11, 67, 23201
What are the prime factors of 219645378?
2, 3, 607, 6701
What are the prime factors of 46199738?
2, 13, 1776913
What are the prime factors of 1750057952?
2, 54689311
List the prime factors of 2937418073.
59, 607, 82021
List the prime factors of 660474242.
2, 17, 67217
What are the prime factors of 67530175?
5, 2701207
What are the prime factors of 2758687452?
2, 3, 2837, 27011
List the prime factors of 178085519.
178085519
What are the prime factors of 47751711?
3, 7, 347, 6553
List the prime factors of 68049071.
379, 179549
List the prime factors of 126280404.
2, 3, 359, 3257
List the prime factors of 6739835298.
2, 3, 7, 160472269
List the prime factors of 793977564.
2, 3, 101, 163, 4019
What are the prime factors of 679694672?
2, 42480917
What are the prime factors of 4250638478?
2, 53, 61, 657383
What are the prime factors of 800493202?
2, 2789, 143509
What are the prime factors of 422879231?
422879231
What are the prime factors of 2619754289?
281, 9322969
What are the prime factors of 308998398?
2, 3, 47, 1095739
What are the prime factors of 52094824?
2, 1483, 4391
What are the prime factors of 76102255?
5, 163, 93377
List the prime factors of 384948887.
384948887
List the prime factors of 97832634.
2, 3, 19, 131, 6551
What are the prime factors of 1170443652?
2, 3, 7, 59, 236167
List the prime factors of 146946068.
2, 36736517
What are the prime factors of 360147087?
3, 23, 579947
List the prime factors of 1194236.
2, 298559
List the prime factors of 17311395.
3, 5, 151, 7643
List the prime factors of 114299876.
2, 433, 65993
What are the prime factors of 3836295477?
3, 7, 31, 127, 15467
What are the prime factors of 205402295?
5, 7, 53, 110729
What are the prime factors of 2162783674?
2, 479, 617, 3659
What are the prime factors of 1539905403?
3, 513301801
What are the prime factors of 118316951?
43, 2751557
What are the prime factors of 98294983?
211, 241, 1933
List the prime factors of 27563349.
3, 11, 835253
What are the prime factors of 220158781?
220158781
What are the prime factors of 188330686?
2, 94165343
What are the prime factors of 60149856?
2, 3, 13, 48197
What are the prime factors of 17957017?
13, 691, 1999
List the prime factors of 88867616.
2, 2777113
What are the prime factors of 3653592946?
2, 67, 27265619
List the prime factors of 1485120901.
11, 17, 41, 193703
What are the prime factors of 460438885?
5, 92087777
List the prime factors of 95292607.
95292607
List the prime factors of 6540720808.
2, 817590101
List the prime factors of 2234683309.
19, 137, 858503
List the prime factors of 214699503.
3, 23, 83, 37489
What are the prime factors of 92002441?
223, 412567
What are the prime factors of 78700990?
2, 5, 17, 462947
What are the prime factors of 33572680?
2, 5, 43, 131, 149
List the prime factors of 78175469.
17, 4598557
What are the prime factors of 847776670?
2, 5, 13, 311, 1613
What are the prime factors of 718845430?
2, 5, 19, 509, 7433
List the prime factors of 3101288572.
2, 775322143
What are the prime factors of 377692843?
11, 2237, 15349
List the prime factors of 883780988.
2, 1297, 170351
List the prime factors of 2044415369.
21529, 94961
What are the prime factors of 191910080?
2, 5, 599719
List the prime factors of 517190028.
2, 3, 157, 274517
List the prime factors of 48570038.
2, 11, 461, 4789
List the prime factors of 1164534394.
2, 3833, 151909
What are the prime factors of 3013712647?
11, 31, 71, 124477
List the prime factors of 25971105.
3, 5, 1731407
List the prime factors of 76253242.
2, 13, 31, 89, 1063
What are the prime factors of 1862983059?
3, 7, 88713479
What are the prime factors of 107005105?
5, 79, 270899
List the prime factors of 213538398.
2, 3, 173, 205721
List the prime factors of 313284182.
2, 103, 1051, 1447
List the prime factors of 874741121.
487, 1796183
List the prime factors of 994759718.
2, 497379859
What are the prime factors of 128275352?
2, 29, 719, 769
List the prime factors of 450262108.
2, 359, 313553
What are the prime factors of 2710025513?
13, 157, 1327793
List the prime factors of 3860316634.
2, 37, 2531, 20611
What are the prime factors of 52362827?
11, 61, 73, 1069
What are the prime factors of 55546558?
2, 151, 193, 953
List the prime factors of 254899624.
2, 7, 41, 67, 1657
List the prime factors of 48216775.
5, 19, 83, 1223
List the prime factors of 2817087894.
2, 3, 83, 1885601
What are the prime factors of 3685230031?
7, 89, 5915297
List the prime factors of 117319230.
2, 3, 5, 7, 37, 719
What are the prime factors of 22425885?
3, 5, 37, 13469
What are the prime factors of 1760857933?
2459, 716087
What are the prime factors of 653361530?
2, 5, 281, 232513
What are the prime factors of 44929547?
13, 19, 101, 1801
List the prime factors of 18202617.
3, 419, 1609
List the prime factors of 105978222.
2, 3, 7, 841097
List the prime factors of 2272475.
5, 17, 5347
What are the prime factors of 195663480?
2, 3, 5, 41, 39769
What are the prime factors of 3289019008?
2, 11, 79, 29569
What are the prime factors of 918058499?
191, 4806589
List the prime factors of 57197630.
2, 5, 7, 89, 9181
List the prime factors of 17181030.
2, 3, 5, 269, 2129
What are the prime factors of 110373107?
13, 41, 207079
What are the prime factors of 1107719963?
7, 2099, 75391
List the prime factors of 122465918.
2, 61, 1003819
List the prime factors of 553112875.
5, 7, 233, 2713
List the prime factors of 1219270316.
2, 11, 29, 955541
List the prime factors of 396837395.
5, 37, 2145067
List the prime factors of 92504259.
3, 17, 604603
List the prime factors of 421